hat is the remainder when 21 is divided by -3*8/(-6)*s?
5
Let m(l) = l**2 - 12*l + 3. Let n be m(12). Suppose 3*a + 6*t - n*t - 15 = 0, 2*a + 5*t = 19. Calculate the remainder when 5 is divided by a.
1
Suppose 4*x = x. Suppose 0 = -x*s - s + 5. Calculate the remainder when s is divided by 2.
1
Let o(d) = 2*d - 12. Let g(w) = -3*w + 11. Let r(i) = 7*g(i) + 6*o(i). Let y be r(5). Let s = -23 - y. Calculate the remainder when 50 is divided by s.
16
Let s = -26 + 34. Calculate the remainder when 46 is divided by s.
6
Calculate the remainder when 5 is divided by 18/(-15)*30/27*-3.
1
Let n = 4 + -6. Let m be n/(-2) + 2 + 3. What is the remainder when 7 is divided by 4/m - (-7)/3?
1
Let f(p) = p - 2. Let v be f(-5). Let g = 49 - v. Calculate the remainder when g is divided by 19.
18
Suppose -4*o + 7 = 3. Suppose -4*v + o + 17 = -2*k, 10 = 3*v - 5*k. Suppose -5 = -i - g, 3 = i - v*g - 8. What is the remainder when i is divided by 4?
2
Let u = -17 + 33. Suppose 3*r = -0*r + 93. What is the remainder when r is divided by u?
15
Let v(u) = u**2 - u + 2. What is the remainder when v(-6) is divided by 23?
21
Let v = 4 - 14. What is the remainder when 9 is divided by v*((-15)/6)/5?
4
Let h be 5 + -2 - 2 - -325. Suppose -h = -3*l - 77. Calculate the remainder when l is divided by 21.
20
Let d be ((-6)/10)/(5/(-25)). Suppose 59 = b - 0*g + d*g, 0 = -2*g - 4. Let y = -42 + b. Calculate the remainder when y is divided by 8.
7
Suppose -6*r + 40 = -4*r - 4*t, 0 = -4*r + t + 59. Let m = 94 + -55. Calculate the remainder when m is divided by r.
11
Let p(q) = -q + 3. Calculate the remainder when 28 is divided by p(-5).
4
Suppose -6*u + 9*u - 3*p - 18 = 0, 2*p = 5*u - 24. Let r(x) = -x**2 + 4*x + 2. Let g be r(u). Calculate the remainder when 14 is divided by -3 - 24/((-6)/g).
4
Calculate the remainder when 11 is divided by (0 - 1/(-5)) + 969/255.
3
Let s = -146 + 186. What is the remainder when 78 is divided by s?
38
Let y = -3 + 46. Calculate the remainder when 169 is divided by y.
40
Suppose -5 = -4*w + 15. Suppose 4*h + 5*s - 63 = 0, 2*s = -4*h + 5*h - 32. Suppose w*m = 3*m + h. Calculate the remainder when 31 is divided by m.
9
Suppose 82 = 3*n + n + 5*s, 4*n + 4*s = 80. Calculate the remainder when n is divided by 5.
3
Calculate the remainder when 30 is divided by 4 - (-11 - (0 - (-1 + -1))).
13
Let k = 34 + -26. What is the remainder when 22 is divided by k?
6
Let w be (-215)/(-25) - (-3)/(-5). Suppose -2*a + 3*k + 11 = 0, -4*a + k + w = -19. Let g(t) = 3*t**2 + 1. Calculate the remainder when g(-2) is divided by a.
6
Suppose -3*o - 111 = -3*c, -4*c + 3*c + 3*o + 27 = 0. Calculate the remainder when c is divided by 11.
9
Suppose 20 = -5*i, 4*i = -4*k + i + 64. What is the remainder when 225 is divided by k?
16
Let q be 41/4 - (-2)/(-8). Suppose h - z - 42 = -q, 0 = -5*z - 25. Let a = 39 - h. What is the remainder when 35 is divided by a?
11
Let c = 101 - 79. Calculate the remainder when c is divided by 12.
10
Let m(z) = z**3 - 7*z**2 - 7*z. Calculate the remainder when 78 is divided by m(8).
6
Calculate the remainder when 8 is divided by 0/4 + -2 - -7.
3
Let k = -32 - -54. Suppose 0 = 5*b - 33 - k. What is the remainder when (62/(-3))/(8/(-12)) is divided by b?
9
Let a be 141/27 - 6/27. Suppose -p + 37 = 2*j, -2*j + 5*p - 52 = -a*j. Suppose 77 = 5*i - 103. Calculate the remainder when i is divided by j.
17
Let t(l) = l**3 + 11*l**2 + 10*l + 8. Let u(i) = -i**2 + 10*i + 1. Let r be u(11). Calculate the remainder when 21 is divided by t(r).
5
Calculate the remainder when 115 is divided by (-3)/(-6) - 50/(-4).
11
Suppose 0 = -4*o - 61 + 253. What is the remainder when o is divided by 9?
3
Suppose -4*s - 12 = -0*s. Calculate the remainder when 11 is divided by -1 - (s/3 - 6).
5
Suppose 4*m + w + 8 = 96, -8 = -2*w. Calculate the remainder when m is divided by 11.
10
Suppose 3*i = -2*s + 12, 2*s + 8*i - 4*i = 14. Suppose 4*k = s*k + 1. What is the remainder when -1 - k*-1*37 is divided by 19?
17
Let s = -14 + 27. What is the remainder when 23 is divided by s?
10
Let w be 17/3 - (-2)/(-3). Calculate the remainder when 243/w + 4/10 is divided by 10.
9
Let f(m) = m**2 + 21*m + 42. Calculate the remainder when f(-2) is divided by 2/5 + 8/5.
0
Let p(y) = -y - 5. What is the remainder when (-4 - -40)/1 + -4 is divided by p(-17)?
8
Suppose 16 = 32*j - 28*j. Calculate the remainder when 5 is divided by j.
1
Suppose -2*d - 445 = 5*g, -d + 3*d = 0. Let w = -42 - g. Let j = -4 + 20. What is the remainder when w is divided by j?
15
Let i(x) = x**2 - 9*x + 25. What is the remainder when 12 is divided by i(6)?
5
Let j = -170 + 326. Calculate the remainder when 38 is divided by (j/(-30))/((-2)/5).
12
Let n = 2 + 3. Suppose -w - 4*w = 0. Suppose w*h - 8 = -4*h. Calculate the remainder when n is divided by h.
1
Let u(r) = -r - 6. Let n be u(-10). Suppose -q = n*q - 25. What is the remainder when 8 is divided by q?
3
Suppose -3*c - 27 = -2*g, -5*g + 41 - 1 = -2*c. Let b be (-3)/(-9) - (-574)/g. Suppose 4 + b = 4*n. What is the remainder when n is divided by 9?
7
Let d(c) = c**3 + 5*c**2 - 6*c + 2. Let w be d(-7). What is the remainder when 21 is divided by (1/(-3))/(3/w)?
3
What is the remainder when (-4)/14 - 149/(-7) is divided by 6?
3
Let j(h) = -h**2 + 6. Calculate the remainder when 11 is divided by j(0).
5
Let x = -158 + 302. Suppose 2*q = x - 36. What is the remainder when q is divided by 28?
26
Let w(p) = -p**2 + 10*p - 2. What is the remainder when (4 - 0)*(-159)/(-12) is divided by w(8)?
11
Suppose 0 = -h + 2*k + 15, k + 2 = 4*h - 23. Suppose 10 = 3*c - h. Let m = 5 + -3. Calculate the remainder when c is divided by m.
1
Let x = -46 + 57. What is the remainder when 13 is divided by x?
2
What is the remainder when 337/5 - (-30)/50 is divided by 12?
8
Let r = 62 - 34. Let o = 256 + -201. What is the remainder when o is divided by (-2 - 1)*r/(-6)?
13
Let z(t) = 4*t**2 - 21*t - 11. Let q(j) = -j**2 + 5*j + 3. Let o(y) = -9*q(y) - 2*z(y). Calculate the remainder when o(-4) is divided by 8.
7
Suppose 89 = 5*a - 16. Calculate the remainder when a is divided by 6.
3
Let h(l) = l**3 + 4*l**2 - 3*l + 1. Let b be h(-5). Let a = 21 - 5. Let n = a + b. Calculate the remainder when 12 is divided by n.
5
Suppose -8 + 0 = 2*t - 4*a, 4*a = -2*t + 8. Let q = 13 - t. What is the remainder when 25 is divided by q?
12
Let p = 105 + -59. Let t = 24 - 14. Let c = t - -6. What is the remainder when p is divided by c?
14
Let q(t) = -t**3 + 8*t**2 - 4*t - 7. Suppose 3*d = -10 + 31. Calculate the remainder when 26 is divided by q(d).
12
Let g = 124 + -72. Let n(s) = 5*s**2 - 2*s + 2. Let o(z) = z**3 - 8*z**2 - 9*z + 2. Let w be o(9). What is the remainder when g is divided by n(w)?
16
Suppose -j - p = 2*p - 43, 79 = 3*j - p. What is the remainder when 53 is divided by j?
25
What is the remainder when 16 - (0 + 8/2) is divided by 7?
5
Let g be (6/15)/(2/270). Let i = 76 - g. Calculate the remainder when i is divided by 12.
10
Suppose i = -3*k + 51, 0*k + 5*i + 105 = 5*k. What is the remainder when k is divided by 11?
7
Suppose -2*n - 2*x = -128, 0*n - n = 4*x - 55. What is the remainder when n is divided by 14?
11
Let h(w) = w**2 + 9*w + 1. Let o(c) = -3*c**2 - 27*c - 2. Let z(u) = -7*h(u) - 2*o(u). What is the remainder when z(-8) is divided by 3?
2
Let j = 111 - 81. What is the remainder when j is divided by 18?
12
Suppose 7*k = 9*k - 10. Let r(y) = -2*y**3 - 3*y**2 + 4*y - 1. Suppose -d = 3*o + 6, -3*o + 5 + 1 = 5*d. Calculate the remainder when r(o) is divided by k.
4
Calculate the remainder when 18/9 + 11/(1 - 0) is divided by 8.
5
Suppose -4*x = 3*a + 53, -4*x + 3*a = 4*a + 63. Let p = 39 + x. Calculate the remainder when p is divided by 6.
4
Suppose 4*v + 4 = 12, 0 = 2*q + 2*v - 218. Calculate the remainder when q is divided by 29.
20
Suppose -4*o = -4*r - 28, -3*r = 2 + 7. Suppose o*d + 3*s = 23, -1 = d + s - 6. What is the remainder when d is divided by 5?
3
Let d = -20 + 16. What is the remainder when ((-8)/(-12))/(d/(-282)) is divided by 12?
11
Let w = -16 - -20. Calculate the remainder when w is divided by 3.
1
Let m be (-4)/(-6) + (-14)/(-6). Suppose m*k = 40 + 83. Suppose 3 - 73 = -5*s. Calculate the remainder when k is divided by s.
13
Let k = 34 + -21. Let c(d) = -d**3 + 13*d**2 + 